{"id":891,"date":"2012-01-25T08:25:47","date_gmt":"2012-01-25T08:25:47","guid":{"rendered":"http:\/\/frawag.kernteilung.de\/?p=891"},"modified":"2012-01-25T08:25:47","modified_gmt":"2012-01-25T08:25:47","slug":"ostern-2013","status":"publish","type":"page","link":"http:\/\/www.cubicworlds.de\/blog\/seminare\/seminare2013\/ostern-2013\/","title":{"rendered":"Ostern 2013"},"content":{"rendered":"<p><span style=\"color: #800000;\"><strong><big>Osterwoche:<\/big><\/strong><\/span><\/p>\n<p><span style=\"color: #800000;\"><strong>Sonntag den 24.03.2013 9.30 bis Samstag den 30.03.2013 14.00<\/strong><\/span><\/p>\n<p>(Ferien in BY, B, NRW,&#8230;)<\/p>\n<dl>\n<dd>sieben Tage von jeweils 10:00 bis 13:00 Uhr und 14:30 bis 17:30 Uhr<br \/>\nmit erg\u00e4nzenden Dia-\/Multimedia Vortr\u00e4gen und Kamingespr\u00e4chen an einzelnen Abenden.<br \/>\n<strong> Kursbeginn Sonntag 9:30 Uhr<\/strong> mit gemeinsamem Fr\u00fchst\u00fcck auf Kosten des Hauses.<\/dd>\n<\/dl>\n<p><span style=\"color: #800000;\"><big> Kosten: <\/big><\/span><\/p>\n<dl>\n<dd><strong>Kursgeb\u00fchr f\u00fcr <\/strong><strong>7 Tage 210,\u2013 \u20ac\/Pers.<\/strong> <strong>Abend-Menue f\u00fcr die Woche pauschal = 95,\u2013 \u20ac\/Pers.<\/strong><br \/>\nKursgeb\u00fchr Sch\u00fcler\/ Studenten\/ Bed\u00fcrftige 180,\u2013 \u20ac\/Pers.<br \/>\nHeizpauschale bei Bedarf w\u00f6chentl. 10,\u2013 \u20ac\/Pers.<\/dd>\n<dd>(maximal 17 Personen)<\/dd>\n<dd><\/dd>\n<dd>Anmeldeschluss 10.03.2013<\/dd>\n<\/dl>\n<p>Das Anmeldeformular mit ausf\u00fchrlichen Infos k\u00f6nnen Sie <a title=\"Open with Google Docs Viewer.\" href=\"https:\/\/docs.google.com\/open?id=0B5u9hg1Y-vJvZVpNMnRQWktlWDg\" target=\"_blank\"><strong>hier <\/strong><\/a>mit einem Rechtsklick\u00a0 als <a title=\"Open with Google Docs Viewer.\" href=\"https:\/\/docs.google.com\/open?id=0B5u9hg1Y-vJvZVpNMnRQWktlWDg\" target=\"_blank\"><strong>pdf<\/strong> <\/a>runterladen.<\/p>\n<p><a title=\"Zus\u00e4tzlich  Ostern 2013: Kombination Computer und\/oder Malen\" href=\"http:\/\/frawag.kernteilung.de\/seminare2013\/zusatzlich-ostern-2013-kombination-computer-undoder-malen\/\"><\/p>\n<h4><span style=\"color: #800000;\">Zus\u00e4tzlich Ostern 2013: Kombination Computer und\/oder Malen &gt;&gt;<\/span><\/h4>\n<p><\/a><\/p>\n<p>&nbsp;<\/p>\n","protected":false},"excerpt":{"rendered":"<p>Osterwoche: Sonntag den 24.03.2013 9.30 bis Samstag den 30.03.2013 14.00 (Ferien in BY, B, NRW,&#8230;) sieben Tage von jeweils 10:00 bis 13:00 Uhr und 14:30 bis 17:30 Uhr mit erg\u00e4nzenden Dia-\/Multimedia Vortr\u00e4gen und Kamingespr\u00e4chen an einzelnen Abenden. Kursbeginn Sonntag 9:30 Uhr mit gemeinsamem Fr\u00fchst\u00fcck auf Kosten des Hauses. Kosten: Kursgeb\u00fchr f\u00fcr 7 Tage 210,\u2013 \u20ac\/Pers. [&hellip;]<\/p>\n","protected":false},"author":2,"featured_media":0,"parent":12,"menu_order":0,"comment_status":"open","ping_status":"open","template":"","meta":[],"_links":{"self":[{"href":"http:\/\/www.cubicworlds.de\/blog\/seminare\/wp-json\/wp\/v2\/pages\/891"}],"collection":[{"href":"http:\/\/www.cubicworlds.de\/blog\/seminare\/wp-json\/wp\/v2\/pages"}],"about":[{"href":"http:\/\/www.cubicworlds.de\/blog\/seminare\/wp-json\/wp\/v2\/types\/page"}],"author":[{"embeddable":true,"href":"http:\/\/www.cubicworlds.de\/blog\/seminare\/wp-json\/wp\/v2\/users\/2"}],"replies":[{"embeddable":true,"href":"http:\/\/www.cubicworlds.de\/blog\/seminare\/wp-json\/wp\/v2\/comments?post=891"}],"version-history":[{"count":0,"href":"http:\/\/www.cubicworlds.de\/blog\/seminare\/wp-json\/wp\/v2\/pages\/891\/revisions"}],"up":[{"embeddable":true,"href":"http:\/\/www.cubicworlds.de\/blog\/seminare\/wp-json\/wp\/v2\/pages\/12"}],"wp:attachment":[{"href":"http:\/\/www.cubicworlds.de\/blog\/seminare\/wp-json\/wp\/v2\/media?parent=891"}],"curies":[{"name":"wp","href":"https:\/\/api.w.org\/{rel}","templated":true}]}}