{"id":250,"date":"2010-12-27T15:36:48","date_gmt":"2010-12-27T13:36:48","guid":{"rendered":"http:\/\/www.cubicworlds.de\/blog\/seminare\/?page_id=250"},"modified":"2010-12-27T15:36:48","modified_gmt":"2010-12-27T13:36:48","slug":"2010-herbst-i","status":"publish","type":"page","link":"http:\/\/www.cubicworlds.de\/blog\/seminare\/seminare2013\/2010-herbst-i\/","title":{"rendered":"2011 Herbst I"},"content":{"rendered":"<p><big style=\"color: #660000;\">Herbstwoche:<\/big><\/p>\n<p style=\"margin-left: 40px;\">\n<p style=\"margin-left: 40px;\"><span style=\"font-weight: bold;\">workshop Malerei So, den 02.10.2011 9.30<\/span> bis Samstag den <strong>08<\/strong><span style=\"font-weight: bold;\">.10.2011 14.00<\/span><\/p>\n<p style=\"margin-left: 40px;\"><span style=\"font-weight: bold;\">(keine Herbstferien)<br \/>\n<\/span><\/p>\n<dl>\n<dd>7 Tage von jeweils 9:30 bis 12:30 Uhr und 14:30 bis 17:30 Uhr mit Beratung des <span style=\"color: #800000;\"><a href=\"..\/..\/..\/BLOG\/gemlog\/\" target=\"_blank\">Dozenten<\/a>.<\/span><\/dd>\n<dd>Samstag Abschlu\u00dfbesprechung mit anschlie\u00dfendem Abschlu\u00dfessen.<\/dd>\n<dd>Erg\u00e4nzende Dia-\/Multimedia Vortr\u00e4ge und Kamingespr\u00e4che an einzelnen Abenden.<\/dd>\n<dd>Die Ateliers sind weitgehend 24h zug\u00e4nglich.<\/dd>\n<dd><strong> Kursbeginn Sonntag 9:30 Uhr<\/strong> mit gemeinsamem Fr\u00fchst\u00fcck auf Kosten des Hauses.<\/dd>\n<\/dl>\n<p><big><span style=\"color: #660000;\"> Kosten: <\/span><\/big><\/p>\n<dl>\n<dd><strong>Kursgeb\u00fchr f\u00fcr <\/strong><strong>7 Tage 210,\u2013 \u20ac\/Pers.<\/strong> <strong>Abend-Menue 14,\u2013 \u20ac pauschal = 95,\u2013 \u20ac\/Pers.<\/strong> Kursgeb\u00fchr Sch\u00fcler\/ Studenten\/ Bed\u00fcrftige 150,\u2013 (7 Tage)<br \/>\n<strong><br \/>\n<\/strong><\/dd>\n<dd><\/dd>\n<\/dl>\n<p>Anmeldeschluss 25.09.2011 (maximal 18 Personen)<\/p>\n<p>Das Anmeldeformular k\u00f6nnen Sie mit einem Rechtsklick (Speichern unter) <strong><a title=\"Open with Google Docs Viewer.\" href=\"http:\/\/www.cubicworlds.de\/WordPress_01\/wp-content\/uploads\/2011\/03\/Herbst11.pdf\" target=\"_blank\">hier<\/a><\/strong> als <strong><a title=\"Open with Google Docs Viewer.\" href=\"http:\/\/www.cubicworlds.de\/WordPress_01\/wp-content\/uploads\/2011\/03\/Herbst11.pdf\" target=\"_blank\">pdf<\/a><\/strong> herunterladen.<\/p>\n","protected":false},"excerpt":{"rendered":"<p>Herbstwoche: workshop Malerei So, den 02.10.2011 9.30 bis Samstag den 08.10.2011 14.00 (keine Herbstferien) 7 Tage von jeweils 9:30 bis 12:30 Uhr und 14:30 bis 17:30 Uhr mit Beratung des Dozenten. Samstag Abschlu\u00dfbesprechung mit anschlie\u00dfendem Abschlu\u00dfessen. Erg\u00e4nzende Dia-\/Multimedia Vortr\u00e4ge und Kamingespr\u00e4che an einzelnen Abenden. Die Ateliers sind weitgehend 24h zug\u00e4nglich. Kursbeginn Sonntag 9:30 Uhr mit [&hellip;]<\/p>\n","protected":false},"author":2,"featured_media":0,"parent":12,"menu_order":3,"comment_status":"open","ping_status":"open","template":"","meta":[],"_links":{"self":[{"href":"http:\/\/www.cubicworlds.de\/blog\/seminare\/wp-json\/wp\/v2\/pages\/250"}],"collection":[{"href":"http:\/\/www.cubicworlds.de\/blog\/seminare\/wp-json\/wp\/v2\/pages"}],"about":[{"href":"http:\/\/www.cubicworlds.de\/blog\/seminare\/wp-json\/wp\/v2\/types\/page"}],"author":[{"embeddable":true,"href":"http:\/\/www.cubicworlds.de\/blog\/seminare\/wp-json\/wp\/v2\/users\/2"}],"replies":[{"embeddable":true,"href":"http:\/\/www.cubicworlds.de\/blog\/seminare\/wp-json\/wp\/v2\/comments?post=250"}],"version-history":[{"count":0,"href":"http:\/\/www.cubicworlds.de\/blog\/seminare\/wp-json\/wp\/v2\/pages\/250\/revisions"}],"up":[{"embeddable":true,"href":"http:\/\/www.cubicworlds.de\/blog\/seminare\/wp-json\/wp\/v2\/pages\/12"}],"wp:attachment":[{"href":"http:\/\/www.cubicworlds.de\/blog\/seminare\/wp-json\/wp\/v2\/media?parent=250"}],"curies":[{"name":"wp","href":"https:\/\/api.w.org\/{rel}","templated":true}]}}