{"id":237,"date":"2010-06-28T23:22:18","date_gmt":"2010-06-28T21:22:18","guid":{"rendered":"http:\/\/www.cubicworlds.de\/blog\/seminare\/?page_id=205"},"modified":"2010-06-28T23:22:18","modified_gmt":"2010-06-28T21:22:18","slug":"computer-fur-maler","status":"publish","type":"page","link":"http:\/\/www.cubicworlds.de\/blog\/seminare\/seminare2013\/computer-fur-maler\/","title":{"rendered":"Computer f\u00fcr Maler 2011"},"content":{"rendered":"<p>Immer mehr Malerinnen und Maler beginnen die M\u00f6glichkeiten zu erkennen, die den Computer zu einer sinnvollen Erg\u00e4nzung zur bildnerischen Arbeit machen. (Man will z.Bsp. die eigene Malerei dokumentieren oder Vorlagenmaterial sichten oder sich -l\u00e4ngerfristig- sogar im Internet pr\u00e4sentieren. Bei vielen K\u00fcnstlern stehen die Computer in den Ateliers\u00a0 ganz selbstverst\u00e4ndlich bereits direkt neben den Staffleien.<\/p>\n<p><span style=\"color: #808000;\">Damit\u00a0 das nicht nur eine Wunschvorstellung bleiben muss, bieten wir vom 27.10.201 1 18h bis 29.10.2011\u00a0 20h den<a title=\"2011 Herbst II\" href=\"http:\/\/frawag.kernteilung.de\/?page_id=20\"> zweiten Grundlagenkurs Computer<\/a> f\u00fcr Bildende K\u00fcnstler an.<\/span><\/p>\n<p>Die Inhalte f\u00fcr den Workshop werden rechtzeitig bekannt gegeben.<br \/>\nOrt: \u00a0\u00a0\u00a0 Stadel-Wagenhofen siehe auch www.stadel-wagenhofen.de<br \/>\n4 km s\u00fcdlich von Neuburg a.d. Donau<br \/>\n<strong>Kosten: \u00a0\u00a0 Kursgeb\u00fchr f\u00fcr 2 1\/2 Tage \u00a0\u00a0 120,&#8211; \u20ac\/Pers.<\/strong><br \/>\nDo. Brotzeit 5,-\u20ac , Abend-Menue 2 x 14,&#8211; \u20ac \u00a0\u00a0\u00a0 \u00a0 33,&#8211; \u20ac\/Pers.<br \/>\nSumme Kurs mit Verpflegung:\u00a0\u00a0\u00a0\u00a0\u00a0\u00a0\u00a0\u00a0\u00a0\u00a0\u00a0\u00a0\u00a0\u00a0\u00a0\u00a0\u00a0\u00a0\u00a0\u00a0\u00a0\u00a0 153,&#8211;\u20ac\/ Pers.<br \/>\nAnmeldeschluss 25.10.2011 (maximal 10 Personen)<\/p>\n<p><strong><span style=\"color: #808000;\">Bei gen\u00fcgend Nachfrage, soll auch an <a title=\"Ostern 2011\" href=\"http:\/\/frawag.kernteilung.de\/?page_id=13\">Ostern <\/a>bereits ein entsprechender <\/span><span style=\"color: #808000;\"><a title=\"Ostern 2011\" href=\"http:\/\/frawag.kernteilung.de\/?page_id=13\">workshop<\/a><\/span><span style=\"color: #808000;\"> stattfinden.<\/span><\/strong><br \/>\nDie Inhalte f\u00fcr den Workshop werden rechtzeitig bekannt gegeben.<br \/>\nOrt: \u00a0\u00a0\u00a0 Stadel-Wagenhofen siehe auch www.stadel-wagenhofen.de<br \/>\n4 km s\u00fcdlich von Neuburg a.d. Donau<br \/>\n<strong>Kosten: \u00a0\u00a0 Kursgeb\u00fchr f\u00fcr 2 1\/2 Tage \u00a0\u00a0 120,&#8211; \u20ac\/Pers.<\/strong><br \/>\nDo. Brotzeit 5,-\u20ac , Abend-Menue 2 x 14,&#8211; \u20ac \u00a0\u00a0\u00a0 \u00a0 33,&#8211; \u20ac\/Pers.<br \/>\nSumme Kurs mit Verpflegung:\u00a0\u00a0\u00a0\u00a0\u00a0\u00a0\u00a0\u00a0\u00a0\u00a0\u00a0\u00a0\u00a0\u00a0\u00a0\u00a0\u00a0\u00a0\u00a0\u00a0\u00a0\u00a0 153,&#8211;\u20ac\/ Pers.<br \/>\nAnmeldeschluss 25.10.2011 (maximal 10 Personen)<br \/>\nbitte beachten: Absagen nach Anmeldeschluss sind geb\u00fchrenpflichtig<\/p>\n","protected":false},"excerpt":{"rendered":"<p>Immer mehr Malerinnen und Maler beginnen die M\u00f6glichkeiten zu erkennen, die den Computer zu einer sinnvollen Erg\u00e4nzung zur bildnerischen Arbeit machen. (Man will z.Bsp. die eigene Malerei dokumentieren oder Vorlagenmaterial sichten oder sich -l\u00e4ngerfristig- sogar im Internet pr\u00e4sentieren. Bei vielen K\u00fcnstlern stehen die Computer in den Ateliers\u00a0 ganz selbstverst\u00e4ndlich bereits direkt neben den Staffleien. Damit\u00a0 [&hellip;]<\/p>\n","protected":false},"author":2,"featured_media":0,"parent":12,"menu_order":8,"comment_status":"open","ping_status":"open","template":"","meta":[],"_links":{"self":[{"href":"http:\/\/www.cubicworlds.de\/blog\/seminare\/wp-json\/wp\/v2\/pages\/237"}],"collection":[{"href":"http:\/\/www.cubicworlds.de\/blog\/seminare\/wp-json\/wp\/v2\/pages"}],"about":[{"href":"http:\/\/www.cubicworlds.de\/blog\/seminare\/wp-json\/wp\/v2\/types\/page"}],"author":[{"embeddable":true,"href":"http:\/\/www.cubicworlds.de\/blog\/seminare\/wp-json\/wp\/v2\/users\/2"}],"replies":[{"embeddable":true,"href":"http:\/\/www.cubicworlds.de\/blog\/seminare\/wp-json\/wp\/v2\/comments?post=237"}],"version-history":[{"count":0,"href":"http:\/\/www.cubicworlds.de\/blog\/seminare\/wp-json\/wp\/v2\/pages\/237\/revisions"}],"up":[{"embeddable":true,"href":"http:\/\/www.cubicworlds.de\/blog\/seminare\/wp-json\/wp\/v2\/pages\/12"}],"wp:attachment":[{"href":"http:\/\/www.cubicworlds.de\/blog\/seminare\/wp-json\/wp\/v2\/media?parent=237"}],"curies":[{"name":"wp","href":"https:\/\/api.w.org\/{rel}","templated":true}]}}

Computer für Maler 2011

<p>Immer mehr Malerinnen und Maler beginnen die Möglichkeiten zu erkennen, die den Computer zu einer sinnvollen Ergänzung zur bildnerischen Arbeit machen. (Man will z.Bsp. die eigene Malerei dokumentieren oder Vorlagenmaterial sichten oder sich -längerfristig- sogar im Internet präsentieren. Bei vielen Künstlern stehen die Computer in den Ateliers  ganz selbstverständlich bereits direkt neben den Staffleien.</p>
<p><span style="color: #808000;">Damit  das nicht nur eine Wunschvorstellung bleiben muss, bieten wir vom 27.10.201 1 18h bis 29.10.2011  20h den<a title="2011 Herbst II" href="http://frawag.kernteilung.de/?page_id=20"> zweiten Grundlagenkurs Computer</a> für Bildende Künstler an.</span></p>
<p>Die Inhalte für den Workshop werden rechtzeitig bekannt gegeben.<br />
Ort:     Stadel-Wagenhofen siehe auch www.stadel-wagenhofen.de<br />
4 km südlich von Neuburg a.d. Donau<br />
<strong>Kosten:    Kursgebühr für 2 1/2 Tage    120,&#8211; €/Pers.</strong><br />
Do. Brotzeit 5,-€ , Abend-Menue 2 x 14,&#8211; €       33,&#8211; €/Pers.<br />
Summe Kurs mit Verpflegung:                       153,&#8211;€/ Pers.<br />
Anmeldeschluss 25.10.2011 (maximal 10 Personen)</p>
<p><strong><span style="color: #808000;">Bei genügend Nachfrage, soll auch an <a title="Ostern 2011" href="http://frawag.kernteilung.de/?page_id=13">Ostern </a>bereits ein entsprechender </span><span style="color: #808000;"><a title="Ostern 2011" href="http://frawag.kernteilung.de/?page_id=13">workshop</a></span><span style="color: #808000;"> stattfinden.</span></strong><br />
Die Inhalte für den Workshop werden rechtzeitig bekannt gegeben.<br />
Ort:     Stadel-Wagenhofen siehe auch www.stadel-wagenhofen.de<br />
4 km südlich von Neuburg a.d. Donau<br />
<strong>Kosten:    Kursgebühr für 2 1/2 Tage    120,&#8211; €/Pers.</strong><br />
Do. Brotzeit 5,-€ , Abend-Menue 2 x 14,&#8211; €       33,&#8211; €/Pers.<br />
Summe Kurs mit Verpflegung:                       153,&#8211;€/ Pers.<br />
Anmeldeschluss 25.10.2011 (maximal 10 Personen)<br />
bitte beachten: Absagen nach Anmeldeschluss sind gebührenpflichtig</p>

<p>Immer mehr Malerinnen und Maler beginnen die Möglichkeiten zu erkennen, die den Computer zu einer sinnvollen Ergänzung zur bildnerischen Arbeit machen. (Man will z.Bsp. die eigene Malerei dokumentieren oder Vorlagenmaterial sichten oder sich -längerfristig- sogar im Internet präsentieren. Bei vielen Künstlern stehen die Computer in den Ateliers  ganz selbstverständlich bereits direkt neben den Staffleien. Damit  [&hellip;]</p>
