{"id":20,"date":"2010-12-27T17:50:39","date_gmt":"2010-12-27T15:50:39","guid":{"rendered":"http:\/\/christophkern.net\/blog\/seminare\/?page_id=19"},"modified":"2010-12-27T17:50:39","modified_gmt":"2010-12-27T15:50:39","slug":"herbst-2011","status":"publish","type":"page","link":"http:\/\/www.cubicworlds.de\/blog\/seminare\/seminare2013\/herbst-2011\/","title":{"rendered":"2011 Herbst II"},"content":{"rendered":"<p>&nbsp;<\/p>\n<p>&nbsp;<\/p>\n<p><big style=\"color: #660000;\">Herbstwoche:<\/big><\/p>\n<p style=\"margin-left: 40px;\"><span style=\"font-weight: bold;\">Workshop Malerei So, den 30.10.2011 9.30<\/span> bis Samstag den <span style=\"font-weight: bold;\">05.11.2011 14.00 (Herbstferien BY, NRW)<\/span><\/p>\n<p style=\"margin-left: 40px;\">und vorher<\/p>\n<p style=\"margin-left: 40px;\"><span style=\"font-weight: bold;\">Do, den 27.10.2011 9h30 bis Sa, den<strong> <\/strong>29.10.2011 <a href=\"http:\/\/www.cubicworlds.de\/blog\/seminare\/2010\/06\/28\/einsteigerworkshop-computer-fur-bildende-kunstler\/\">(Computer f\u00fcr Bildende K\u00fcnstler)<\/a> <\/span><\/p>\n<dl>\n<dd>Sieben\/Zehn Tage von jeweils 9:30 bis 12:30 Uhr und 14:30 bis 17:30 Uhr mit Beratung des <span style=\"color: #800000;\"><a href=\"http:\/\/www.cubicworlds.de\/BLOG\/gemlog\/\" target=\"_blank\">Dozenten<\/a>.<\/span> <\/dd>\n<dd>Samstag Abschlu\u00dfbesprechung mit anschlie\u00dfendem Abschlu\u00dfessen. <\/dd>\n<dd>Erg\u00e4nzende Dia-\/Multimedia Vortr\u00e4ge und Kamingespr\u00e4che an einzelnen Abenden.<\/dd>\n<dd>Die Ateliers sind weitgehend 24h zug\u00e4nglich.<\/dd>\n<dd> <strong> Kursbeginn Donnerstag bzw Sonntag 9:30 Uhr<\/strong> mit gemeinsamem Fr\u00fchst\u00fcck auf Kosten des Hauses.<\/dd>\n<\/dl>\n<p><big><span style=\"color: #660000;\"> Kosten: <\/span><\/big><\/p>\n<dl>\n<dd><strong>Kursgeb\u00fchr f\u00fcr <\/strong><strong>7 Tage 210,\u2013 \u20ac\/Pers.<\/strong> <strong>Abend-Menue 14,\u2013 \u20ac pauschal = 95,\u2013 \u20ac\/Pers.<\/strong> Kursgeb\u00fchr Sch\u00fcler\/ Studenten\/ Bed\u00fcrftige 150,\u2013 (7 Tage)<br \/>\n<strong>Computerkurs<\/strong><strong> =<\/strong><strong>120,\u2013 \u20ac\/Pers.<\/strong><br \/>\nHeizpauschale bei Bedarf w\u00f6chentl. 8,\u2013 \u20ac\/Pers. <\/dd>\n<dd> <\/dd>\n<\/dl>\n<p>Anmeldeschluss 20.10.2010 (maximal 18 Personen)<\/p>\n<p>Das Anmeldeformular k\u00f6nnen Sie mit einem Rechtsklick (Speichern unter) <strong><a title=\"Open with Google Docs Viewer.\" href=\"http:\/\/www.cubicworlds.de\/WordPress_01\/wp-content\/uploads\/2011\/03\/HerbstNOV11.pdf\" target=\"_blank\">hier<\/a><\/strong> als <strong><a title=\"Open with Google Docs Viewer.\" href=\"http:\/\/www.cubicworlds.de\/WordPress_01\/wp-content\/uploads\/2011\/03\/HerbstNOV11.pdf\" target=\"_blank\">pdf<\/a><\/strong> herunterladen.<\/p>\n","protected":false},"excerpt":{"rendered":"<p>&nbsp; &nbsp; Herbstwoche: Workshop Malerei So, den 30.10.2011 9.30 bis Samstag den 05.11.2011 14.00 (Herbstferien BY, NRW) und vorher Do, den 27.10.2011 9h30 bis Sa, den 29.10.2011 (Computer f\u00fcr Bildende K\u00fcnstler) Sieben\/Zehn Tage von jeweils 9:30 bis 12:30 Uhr und 14:30 bis 17:30 Uhr mit Beratung des Dozenten. Samstag Abschlu\u00dfbesprechung mit anschlie\u00dfendem Abschlu\u00dfessen. Erg\u00e4nzende Dia-\/Multimedia [&hellip;]<\/p>\n","protected":false},"author":2,"featured_media":0,"parent":12,"menu_order":4,"comment_status":"open","ping_status":"open","template":"","meta":[],"_links":{"self":[{"href":"http:\/\/www.cubicworlds.de\/blog\/seminare\/wp-json\/wp\/v2\/pages\/20"}],"collection":[{"href":"http:\/\/www.cubicworlds.de\/blog\/seminare\/wp-json\/wp\/v2\/pages"}],"about":[{"href":"http:\/\/www.cubicworlds.de\/blog\/seminare\/wp-json\/wp\/v2\/types\/page"}],"author":[{"embeddable":true,"href":"http:\/\/www.cubicworlds.de\/blog\/seminare\/wp-json\/wp\/v2\/users\/2"}],"replies":[{"embeddable":true,"href":"http:\/\/www.cubicworlds.de\/blog\/seminare\/wp-json\/wp\/v2\/comments?post=20"}],"version-history":[{"count":0,"href":"http:\/\/www.cubicworlds.de\/blog\/seminare\/wp-json\/wp\/v2\/pages\/20\/revisions"}],"up":[{"embeddable":true,"href":"http:\/\/www.cubicworlds.de\/blog\/seminare\/wp-json\/wp\/v2\/pages\/12"}],"wp:attachment":[{"href":"http:\/\/www.cubicworlds.de\/blog\/seminare\/wp-json\/wp\/v2\/media?parent=20"}],"curies":[{"name":"wp","href":"https:\/\/api.w.org\/{rel}","templated":true}]}}

<p>&nbsp;</p>
<p>&nbsp;</p>
<p><big style="color: #660000;">Herbstwoche:</big></p>
<p style="margin-left: 40px;"><span style="font-weight: bold;">Workshop Malerei So, den 30.10.2011 9.30</span> bis Samstag den <span style="font-weight: bold;">05.11.2011 14.00 (Herbstferien BY, NRW)</span></p>
<p style="margin-left: 40px;">und vorher</p>
<p style="margin-left: 40px;"><span style="font-weight: bold;">Do, den 27.10.2011 9h30 bis Sa, den<strong> </strong>29.10.2011 <a href="http://www.cubicworlds.de/blog/seminare/2010/06/28/einsteigerworkshop-computer-fur-bildende-kunstler/">(Computer für Bildende Künstler)</a> </span></p>
<dl>
<dd>Sieben/Zehn Tage von jeweils 9:30 bis 12:30 Uhr und 14:30 bis 17:30 Uhr mit Beratung des <span style="color: #800000;"><a href="http://www.cubicworlds.de/BLOG/gemlog/" target="_blank">Dozenten</a>.</span> </dd>
<dd>Samstag Abschlußbesprechung mit anschließendem Abschlußessen. </dd>
<dd>Ergänzende Dia-/Multimedia Vorträge und Kamingespräche an einzelnen Abenden.</dd>
<dd>Die Ateliers sind weitgehend 24h zugänglich.</dd>
<dd> <strong> Kursbeginn Donnerstag bzw Sonntag 9:30 Uhr</strong> mit gemeinsamem Frühstück auf Kosten des Hauses.</dd>
</dl>
<p><big><span style="color: #660000;"> Kosten: </span></big></p>
<dl>
<dd><strong>Kursgebühr für </strong><strong>7 Tage 210,– €/Pers.</strong> <strong>Abend-Menue 14,– € pauschal = 95,– €/Pers.</strong> Kursgebühr Schüler/ Studenten/ Bedürftige 150,– (7 Tage)<br />
<strong>Computerkurs</strong><strong> =</strong><strong>120,– €/Pers.</strong><br />
Heizpauschale bei Bedarf wöchentl. 8,– €/Pers. </dd>
<dd> </dd>
</dl>
<p>Anmeldeschluss 20.10.2010 (maximal 18 Personen)</p>
<p>Das Anmeldeformular können Sie mit einem Rechtsklick (Speichern unter) <strong><a title="Open with Google Docs Viewer." href="http://www.cubicworlds.de/WordPress_01/wp-content/uploads/2011/03/HerbstNOV11.pdf" target="_blank">hier</a></strong> als <strong><a title="Open with Google Docs Viewer." href="http://www.cubicworlds.de/WordPress_01/wp-content/uploads/2011/03/HerbstNOV11.pdf" target="_blank">pdf</a></strong> herunterladen.</p>

<p>&nbsp; &nbsp; Herbstwoche: Workshop Malerei So, den 30.10.2011 9.30 bis Samstag den 05.11.2011 14.00 (Herbstferien BY, NRW) und vorher Do, den 27.10.2011 9h30 bis Sa, den 29.10.2011 (Computer für Bildende Künstler) Sieben/Zehn Tage von jeweils 9:30 bis 12:30 Uhr und 14:30 bis 17:30 Uhr mit Beratung des Dozenten. Samstag Abschlußbesprechung mit anschließendem Abschlußessen. Ergänzende Dia-/Multimedia [&hellip;]</p>
