{"id":18,"date":"2006-12-29T00:00:16","date_gmt":"2006-12-28T23:00:16","guid":{"rendered":"http:\/\/christophkern.net\/blog\/seminare\/?page_id=17"},"modified":"2006-12-29T00:00:16","modified_gmt":"2006-12-28T23:00:16","slug":"materialempfehlungen","status":"publish","type":"page","link":"http:\/\/www.cubicworlds.de\/blog\/seminare\/materialempfehlungen\/","title":{"rendered":"Materialempfehlungen"},"content":{"rendered":"<p style=\"margin-bottom: 0.21cm\" class=\"western\"><span lang=\"de-DE\"><font style=\"font-size: 8pt\" size=\"1\"><\/font><font color=\"#000000\"><strong><br \/>\n<\/strong>Um f\u00fcr die Materialorganisation m\u00f6glichst wenig Zeit zu verschwenden, bitten wir Sie, wenn m\u00f6glich  folgende Materialien bereits vor dem Seminar selbst zu besorgen. Die Materialliste soll nur als Anregung gedacht sein und kann selbstverst\u00e4ndlich entsprechend eigenen Bed\u00fcrfnissen und Geldbeutel variiert werden. Auch ein Bleistift und ein paar Blatt Papier k\u00f6nnen ausreichen, um hervorragende k\u00fcnstlerische Arbeiten herzustellen. <\/font><\/span><\/p>\n<ol>\n<li>\n<p style=\"margin-bottom: 0.11cm\" class=\"western\"><font color=\"#000000\"><\/font><font style=\"font-size: 8pt\" size=\"1\">z.Bsp. \tKohle, Kreiden, Bleistifte, Radiergummi, Skizzenbl\u00f6cke, \tAquarellkasten, Farben, Pappen, Papiere, Leinwand, Keilrahmen  eine \tAuswahl Abt\u00f6nfarben (schwarz, wei\u00df, blau, rot, gr\u00fcn, \tocker)<\/font><\/p>\n<\/li>\n<li>\n<p style=\"margin-bottom: 0.11cm\" class=\"western\"><font color=\"#000000\"><\/font><font style=\"font-size: 8pt\" size=\"1\">nach \tM\u00f6glichkeit Tacker mit Klammern, Schere und Cutter<\/font><\/p>\n<\/li>\n<li>\n<p style=\"margin-bottom: 0.11cm\" class=\"western\"><font color=\"#000000\"><\/font><font style=\"font-size: 8pt\" size=\"1\">falls \tvorhanden, Fotoapparate wie Digitalkamera, Polaroidkamera, normale \tKamera mit entspr. Filmen Dia\/negativ, Kodak snapshot, etc. <\/font><\/p>\n<\/li>\n<li>\n<p style=\"margin-bottom: 0.11cm\" class=\"western\"><font color=\"#000000\"><\/font><font style=\"font-size: 8pt\" size=\"1\">Auswahl \tan Bildtr\u00e4gern, Leinwand, Pressspanplatten  im kleinen Format \tetwa (30cmx30cm, 20 x 30cm, etc in allen m\u00f6glichen Variationen, \t am besten die Qualit\u00e4t MDF mit ca 1cm Dicke, auch \tRestabschnitte jeden Formats sind geeignet.<\/font><\/p>\n<\/li>\n<li>\n<p style=\"margin-bottom: 0.11cm\" class=\"western\"><font color=\"#000000\"><\/font><font style=\"font-size: 8pt\" size=\"1\">1-2 \tPressspanplatten zum Aufspannen von Papier, ca 60&#215;80 cm, oder \tgr\u00f6\u00dfer, 1 cm dick<\/font><\/p>\n<\/li>\n<li>\n<p style=\"margin-bottom: 0.11cm\" class=\"western\"><span lang=\"de-DE\"><font style=\"font-size: 8pt\" size=\"1\"><\/font><font color=\"#000000\">Skizzen, \tFotos von fr\u00fcheren Arbeiten o.\u00e4. w\u00fcrden <em>mir \t<\/em>helfen, Ihre Interessen m\u00f6glichst schnell zu verstehen<\/font><\/span><\/p>\n<\/li>\n<li>\n<p style=\"margin-bottom: 0.11cm\" class=\"western\"><font color=\"#000000\"><\/font><font style=\"font-size: 8pt\" size=\"1\">eine \tkleine Auswahl mitgebrachter Bildmotive wie Fotos, \tZeitungsausschnitte etc. w\u00e4re sehr n\u00fctzlich um in eine \tindividuelle bildnerische Auseinandersetzung m\u00f6glichst schnell \teintreten zu k\u00f6nnen.<\/font><\/p>\n<\/li>\n<\/ol>\n<p style=\"text-indent: 0.4cm; margin-bottom: 0.21cm\" class=\"western\"><font color=\"#000000\"> <span lang=\"de-DE\"><font style=\"font-size: 8pt\" size=\"1\">Ein Baumarkt befindet sich in der N\u00e4he, so dass Material wie Pressspanlatten, Abt\u00f6nfarben etc. auch vor Ort organisiert werden k\u00f6nnen.<\/font><\/span><\/font><\/p>\n","protected":false},"excerpt":{"rendered":"<p>Um f\u00fcr die Materialorganisation m\u00f6glichst wenig Zeit zu verschwenden, bitten wir Sie, wenn m\u00f6glich folgende Materialien bereits vor dem Seminar selbst zu besorgen. Die Materialliste soll nur als Anregung gedacht sein und kann selbstverst\u00e4ndlich entsprechend eigenen Bed\u00fcrfnissen und Geldbeutel variiert werden. Auch ein Bleistift und ein paar Blatt Papier k\u00f6nnen ausreichen, um hervorragende k\u00fcnstlerische Arbeiten [&hellip;]<\/p>\n","protected":false},"author":2,"featured_media":0,"parent":0,"menu_order":6,"comment_status":"open","ping_status":"open","template":"","meta":[],"_links":{"self":[{"href":"http:\/\/www.cubicworlds.de\/blog\/seminare\/wp-json\/wp\/v2\/pages\/18"}],"collection":[{"href":"http:\/\/www.cubicworlds.de\/blog\/seminare\/wp-json\/wp\/v2\/pages"}],"about":[{"href":"http:\/\/www.cubicworlds.de\/blog\/seminare\/wp-json\/wp\/v2\/types\/page"}],"author":[{"embeddable":true,"href":"http:\/\/www.cubicworlds.de\/blog\/seminare\/wp-json\/wp\/v2\/users\/2"}],"replies":[{"embeddable":true,"href":"http:\/\/www.cubicworlds.de\/blog\/seminare\/wp-json\/wp\/v2\/comments?post=18"}],"version-history":[{"count":0,"href":"http:\/\/www.cubicworlds.de\/blog\/seminare\/wp-json\/wp\/v2\/pages\/18\/revisions"}],"wp:attachment":[{"href":"http:\/\/www.cubicworlds.de\/blog\/seminare\/wp-json\/wp\/v2\/media?parent=18"}],"curies":[{"name":"wp","href":"https:\/\/api.w.org\/{rel}","templated":true}]}}