{"id":1466,"date":"2015-01-12T11:16:47","date_gmt":"2015-01-12T11:16:47","guid":{"rendered":"http:\/\/frawag.kernteilung.de\/?page_id=1466"},"modified":"2015-01-12T11:16:47","modified_gmt":"2015-01-12T11:16:47","slug":"herbst-2015","status":"publish","type":"page","link":"http:\/\/www.cubicworlds.de\/blog\/seminare\/seminare2015\/herbst-2015\/","title":{"rendered":"Herbst I+II, 2015"},"content":{"rendered":"<p><big>Herbstwoche 1 (<\/big><big>keine <\/big><big>Ferien in BY):<\/big><\/p>\n<dl>\n<dd><strong>Sonntag<\/strong>, 25<strong>.10.2015<\/strong> 09.30h\u00a0bis <strong>Samstag,<\/strong> <strong>31.10.2014<\/strong>\u00a014.00h<\/dd>\n<\/dl>\n<p><big>Herbstwoche 2 (Ferien in BY):<\/big><\/p>\n<dl>\n<dd><strong>Sonntag<\/strong>, <strong>01.11.2015<\/strong> 09.30h\u00a0bis <strong>Samstag<\/strong>, <strong>07.11.2015<\/strong> 14.00h<\/dd>\n<\/dl>\n<p>von jeweils 10:00 bis 13:00 Uhr und 14:00 bis 17:00 Uhr mit erg\u00e4nzenden<br \/>\nDia-\/Multimedia Vortr\u00e4gen und Kamingespr\u00e4chen an einzelnen Abenden.<\/p>\n<p>Kursbeginn Sonntag 9:30 h mit gemeinsamem Fr\u00fchst\u00fcck auf Kosten des Hauses<\/p>\n<p><big>Kosten:<\/big><\/p>\n<dl>\n<dd>Kursgeb\u00fchr f\u00fcr\u00a07 Tage\u00a0kosten\u00a0240,\u2013 \u20ac\/Pers.<br \/>\nKursgeb\u00fchr f\u00fcr\u00a014 Tage\u00a0kosten 450,\u2013 \u20ac\/Pers<br \/>\nAbend-3 G\u00e4nge-Menue pauschal pro Woche 110,\u2013 \u20ac\/Pers.<br \/>\nKursgeb\u00fchr Sch\u00fcler\/ Studenten\/ Bed\u00fcrftige 210,\u2013 \u20ac\/Pers. bzw. 390,\u2013 \u20ac\/Pers.<\/dd>\n<\/dl>\n<p>(maximal 18 Personen)<\/p>\n<p><strong>Anmeldeformular f\u00fcr Herbst 1+2<\/strong><\/p>\n<p><big>[gview file=&#8221;http:\/\/frawag.kernteilung.de\/wp-content\/uploads\/2015\/01\/Einladung-Malkurs-Kern-Herbst-2015-1-2.pdf&#8221;]<\/big><\/p>\n","protected":false},"excerpt":{"rendered":"<p>Herbstwoche 1 (keine Ferien in BY): Sonntag, 25.10.2015 09.30h\u00a0bis Samstag, 31.10.2014\u00a014.00h Herbstwoche 2 (Ferien in BY): Sonntag, 01.11.2015 09.30h\u00a0bis Samstag, 07.11.2015 14.00h von jeweils 10:00 bis 13:00 Uhr und 14:00 bis 17:00 Uhr mit erg\u00e4nzenden Dia-\/Multimedia Vortr\u00e4gen und Kamingespr\u00e4chen an einzelnen Abenden. Kursbeginn Sonntag 9:30 h mit gemeinsamem Fr\u00fchst\u00fcck auf Kosten des Hauses Kosten: Kursgeb\u00fchr [&hellip;]<\/p>\n","protected":false},"author":2,"featured_media":0,"parent":1259,"menu_order":0,"comment_status":"open","ping_status":"open","template":"","meta":[],"_links":{"self":[{"href":"http:\/\/www.cubicworlds.de\/blog\/seminare\/wp-json\/wp\/v2\/pages\/1466"}],"collection":[{"href":"http:\/\/www.cubicworlds.de\/blog\/seminare\/wp-json\/wp\/v2\/pages"}],"about":[{"href":"http:\/\/www.cubicworlds.de\/blog\/seminare\/wp-json\/wp\/v2\/types\/page"}],"author":[{"embeddable":true,"href":"http:\/\/www.cubicworlds.de\/blog\/seminare\/wp-json\/wp\/v2\/users\/2"}],"replies":[{"embeddable":true,"href":"http:\/\/www.cubicworlds.de\/blog\/seminare\/wp-json\/wp\/v2\/comments?post=1466"}],"version-history":[{"count":0,"href":"http:\/\/www.cubicworlds.de\/blog\/seminare\/wp-json\/wp\/v2\/pages\/1466\/revisions"}],"up":[{"embeddable":true,"href":"http:\/\/www.cubicworlds.de\/blog\/seminare\/wp-json\/wp\/v2\/pages\/1259"}],"wp:attachment":[{"href":"http:\/\/www.cubicworlds.de\/blog\/seminare\/wp-json\/wp\/v2\/media?parent=1466"}],"curies":[{"name":"wp","href":"https:\/\/api.w.org\/{rel}","templated":true}]}}