{"id":1130,"date":"2012-12-20T20:46:17","date_gmt":"2012-12-20T20:46:17","guid":{"rendered":"http:\/\/frawag.kernteilung.de\/?page_id=1130"},"modified":"2012-12-20T20:46:17","modified_gmt":"2012-12-20T20:46:17","slug":"zusatzlich-ostern-2014","status":"publish","type":"page","link":"http:\/\/www.cubicworlds.de\/blog\/seminare\/seminare2013\/zusatzlich-ostern-2014\/","title":{"rendered":"Zus\u00e4tzlich  Ostern 2014: Kombination Computer und\/oder Malen"},"content":{"rendered":"<div><br style=\"text-decoration: underline;\" \/><\/p>\n<div align=\"left\"><span style=\"color: #660000; font-family: Times New Roman; font-size: small;\">\u00a0<\/span><\/div>\n<div align=\"left\"><span style=\"color: #660000; font-family: Times New Roman;\"><b>Computer<\/b>:<br \/>\n<b>Sa, 19.04. 2014 18h bis Mo, 21.04.2014\u00a0<\/b>\u00a0wieder die Kombination individuelle Computerberatung\/Atelier f\u00fcr max. 6 Personen an. W\u00e4hrend ich mich den Fragen der Teilnehmer in Einzelstunden &#8220;stelle&#8221;, k\u00f6nnen die Anderen die Zeit im Atelier nutzen.<\/span><\/div>\n<div align=\"left\"><span style=\"color: #660000; font-family: Times New Roman;\">Themenbereiche sind Basics und alles was am Computer f\u00fcr K\u00fcnstlerInnen relevant ist. F\u00fcr Windows-Benutzer, nach Absprache auch Ipad und Mac. \u00a0Kosten:\u20ac 120<\/span><\/div>\n<div align=\"left\"><span style=\"color: #660000; font-family: Times New Roman;\">\u00a0<\/span><\/div>\n<div align=\"left\"><span style=\"color: #660000; font-family: Times New Roman;\"><b>Malerei<\/b>:<\/span><\/div>\n<div align=\"left\"><span style=\"color: #660000; font-family: Times New Roman;\"><b>optionale Verl\u00e4ngerung Sa, 19.04.2014 und Mo, 21.04.2014<\/b>. Kosten: \u20ac 60<\/span><\/div>\n<\/div>\n","protected":false},"excerpt":{"rendered":"<p>\u00a0 Computer: Sa, 19.04. 2014 18h bis Mo, 21.04.2014\u00a0\u00a0wieder die Kombination individuelle Computerberatung\/Atelier f\u00fcr max. 6 Personen an. W\u00e4hrend ich mich den Fragen der Teilnehmer in Einzelstunden &#8220;stelle&#8221;, k\u00f6nnen die Anderen die Zeit im Atelier nutzen. Themenbereiche sind Basics und alles was am Computer f\u00fcr K\u00fcnstlerInnen relevant ist. F\u00fcr Windows-Benutzer, nach Absprache auch Ipad und [&hellip;]<\/p>\n","protected":false},"author":2,"featured_media":0,"parent":12,"menu_order":0,"comment_status":"open","ping_status":"open","template":"","meta":[],"_links":{"self":[{"href":"http:\/\/www.cubicworlds.de\/blog\/seminare\/wp-json\/wp\/v2\/pages\/1130"}],"collection":[{"href":"http:\/\/www.cubicworlds.de\/blog\/seminare\/wp-json\/wp\/v2\/pages"}],"about":[{"href":"http:\/\/www.cubicworlds.de\/blog\/seminare\/wp-json\/wp\/v2\/types\/page"}],"author":[{"embeddable":true,"href":"http:\/\/www.cubicworlds.de\/blog\/seminare\/wp-json\/wp\/v2\/users\/2"}],"replies":[{"embeddable":true,"href":"http:\/\/www.cubicworlds.de\/blog\/seminare\/wp-json\/wp\/v2\/comments?post=1130"}],"version-history":[{"count":0,"href":"http:\/\/www.cubicworlds.de\/blog\/seminare\/wp-json\/wp\/v2\/pages\/1130\/revisions"}],"up":[{"embeddable":true,"href":"http:\/\/www.cubicworlds.de\/blog\/seminare\/wp-json\/wp\/v2\/pages\/12"}],"wp:attachment":[{"href":"http:\/\/www.cubicworlds.de\/blog\/seminare\/wp-json\/wp\/v2\/media?parent=1130"}],"curies":[{"name":"wp","href":"https:\/\/api.w.org\/{rel}","templated":true}]}}