{"id":10,"date":"2006-12-27T23:58:57","date_gmt":"2006-12-27T23:58:57","guid":{"rendered":"http:\/\/christophkern.net\/blog\/seminare\/?page_id=5"},"modified":"2006-12-27T23:58:57","modified_gmt":"2006-12-27T23:58:57","slug":"die-seminare","status":"publish","type":"page","link":"http:\/\/www.cubicworlds.de\/blog\/seminare\/die-seminare\/","title":{"rendered":"Die Seminare"},"content":{"rendered":"<p><img decoding=\"async\" hspace=\"5\" align=\"top\" alt=\"paint\" style=\"width: 119px; height: 119px\" src=\"http:\/\/www.cubicworlds.de\/Seminare\/Bilder\/album\/Arbeitsimpressionen\/thumbs\/040607-122220.jpg\" \/><\/p>\n<p>Die praktisch ausgerichteten <strong>Seminare <\/strong>stellen sich<br \/>\nder <strong>bildnerischen Auseinandersetzung<\/strong> mit folgenden Schwerpunkten:<\/p>\n<ul>\n<li>-Entwicklung <strong>zeitgem\u00e4s<\/strong><strong>ser <\/strong>und <strong>individueller <\/strong>bildnerischer Konzeptionen.<\/li>\n<li>-M\u00f6glichst <strong>vielf\u00e4ltig<\/strong> und individuell die StudentInnen in ihren <strong>unterschiedlichen Ans\u00e4tzen<\/strong> zu unterst\u00fctzen.<\/li>\n<li>-Ein Spielfeld zu schaffen, auf dem die StudentInnen ihr <strong>k\u00fcnstlerisches Potential <\/strong>in die verschiedensten Richtungen erweitern k\u00f6nnen.<\/li>\n<li>-Bewusstsein zu bilden f\u00fcr die Werke der Kunstgeschichte und der<br \/>\ndaraus abzuleitenden <strong>Qualit\u00e4tsma\u00dfst\u00e4be <\/strong>f\u00fcr die Bildende Kunst.<\/li>\n<li>-Herausarbeiten der <strong>spezifischen Qualit\u00e4ten<\/strong> des Mediums <strong>Malerei\/Zeichnung<\/strong><br \/>\nim Verh\u00e4ltnis zu anderen, beispielsweise <strong>technischen Bildmedien.<\/strong><\/li>\n<li>&#8211;<strong>Maltechnische Grundlagen<\/strong> im Sinne klassischer Maltechnik (Pigment, Bindemittel, Grundierung, Bildtr\u00e4ger)<br \/>\nbis zum Einsatz technischen Handwerkszeugs (Fotografie, Projektion, Computer).<\/li>\n<\/ul>\n","protected":false},"excerpt":{"rendered":"<p>Die praktisch ausgerichteten Seminare stellen sich der bildnerischen Auseinandersetzung mit folgenden Schwerpunkten: -Entwicklung zeitgem\u00e4sser und individueller bildnerischer Konzeptionen. -M\u00f6glichst vielf\u00e4ltig und individuell die StudentInnen in ihren unterschiedlichen Ans\u00e4tzen zu unterst\u00fctzen. -Ein Spielfeld zu schaffen, auf dem die StudentInnen ihr k\u00fcnstlerisches Potential in die verschiedensten Richtungen erweitern k\u00f6nnen. -Bewusstsein zu bilden f\u00fcr die Werke der Kunstgeschichte [&hellip;]<\/p>\n","protected":false},"author":2,"featured_media":0,"parent":0,"menu_order":0,"comment_status":"open","ping_status":"closed","template":"","meta":[],"_links":{"self":[{"href":"http:\/\/www.cubicworlds.de\/blog\/seminare\/wp-json\/wp\/v2\/pages\/10"}],"collection":[{"href":"http:\/\/www.cubicworlds.de\/blog\/seminare\/wp-json\/wp\/v2\/pages"}],"about":[{"href":"http:\/\/www.cubicworlds.de\/blog\/seminare\/wp-json\/wp\/v2\/types\/page"}],"author":[{"embeddable":true,"href":"http:\/\/www.cubicworlds.de\/blog\/seminare\/wp-json\/wp\/v2\/users\/2"}],"replies":[{"embeddable":true,"href":"http:\/\/www.cubicworlds.de\/blog\/seminare\/wp-json\/wp\/v2\/comments?post=10"}],"version-history":[{"count":1,"href":"http:\/\/www.cubicworlds.de\/blog\/seminare\/wp-json\/wp\/v2\/pages\/10\/revisions"}],"predecessor-version":[{"id":1837,"href":"http:\/\/www.cubicworlds.de\/blog\/seminare\/wp-json\/wp\/v2\/pages\/10\/revisions\/1837"}],"wp:attachment":[{"href":"http:\/\/www.cubicworlds.de\/blog\/seminare\/wp-json\/wp\/v2\/media?parent=10"}],"curies":[{"name":"wp","href":"https:\/\/api.w.org\/{rel}","templated":true}]}}